27 a composite number?
True
Is 25654348261 a prime number?
False
Is 1119283951 a composite number?
False
Is 100783162721 a prime number?
True
Is 274700329 composite?
False
Is 118193755 a composite number?
True
Is 91687891193 a composite number?
False
Is 2027289221 a prime number?
True
Is 258606151 a prime number?
True
Is 1397904073 prime?
True
Is 5148986734 a prime number?
False
Is 25157273135 a prime number?
False
Is 1224279031 a prime number?
True
Is 3067126393 a prime number?
True
Is 5248143877 composite?
True
Is 11615613907 composite?
True
Is 15889139457 prime?
False
Is 1662471583 composite?
False
Is 743555201 prime?
False
Is 1547289407 composite?
False
Is 3316497299 a composite number?
False
Is 538725799 prime?
False
Is 49234777 a composite number?
True
Is 24772569919 a prime number?
True
Is 2337092545 a composite number?
True
Is 6424974793 a composite number?
True
Is 920271073 a prime number?
True
Is 502130379 a prime number?
False
Is 22294421909 a prime number?
True
Is 14061019691 a prime number?
True
Is 2179059977 a prime number?
True
Is 44727935849 prime?
False
Is 65485092619 prime?
True
Is 35109923393 prime?
True
Is 93489930719 a prime number?
False
Is 39217510327 composite?
False
Is 4843861439 prime?
False
Is 1221717659 composite?
True
Is 478348001 composite?
False
Is 3189652751 composite?
True
Is 1633948739 composite?
False
Is 5583300473 prime?
False
Is 21814689847 a prime number?
True
Is 18937825003 a prime number?
True
Is 77768972471 a composite number?
True
Is 169059547 prime?
True
Is 147204112691 a composite number?
False
Is 125911214293 a prime number?
False
Is 4141627279 composite?
True
Is 485233369 prime?
False
Is 129828457 a prime number?
False
Is 3719780093 prime?
False
Is 323954311 prime?
True
Is 3393278195 a composite number?
True
Is 278885116187 prime?
True
Is 2814364513 a composite number?
False
Is 2302843021 composite?
True
Is 8549792753 prime?
False
Is 275324366497 prime?
True
Is 413330837 a prime number?
False
Is 3012303517 prime?
True
Is 208978493 composite?
True
Is 5862310403 a composite number?
True
Is 5097760817 prime?
True
Is 11197434851 a composite number?
True
Is 3803491247 a prime number?
True
Is 2078320067 prime?
False
Is 774057589 composite?
True
Is 9128608666 a prime number?
False
Is 246147359 composite?
False
Is 1667604469 a composite number?
True
Is 870616057 a prime number?
True
Is 2983964663 prime?
True
Is 3725267089 a composite number?
True
Is 4805840293 a prime number?
True
Is 43583474743 composite?
True
Is 45639047 composite?
True
Is 769659862 a prime number?
False
Is 6846738323 a composite number?
False
Is 78665143 composite?
False
Is 2837776537 a prime number?
True
Is 73210935579 prime?
False
Is 450652655 a composite number?
True
Is 132111991 a composite number?
True
Is 35497925761 a prime number?
True
Is 13613759 prime?
False
Is 835499779 composite?
False
Is 15723863237 a composite number?
False
Is 16071862627 composite?
True
Is 38250902843 a composite number?
True
Is 516437807 a composite number?
False
Is 135479737 a prime number?
True
Is 375491927 a composite number?
True
Is 51859448191 a prime number?
False
Is 9497685331 a composite number?
False
Is 919808797 a prime number?
False
Is 435263351 a prime number?
False
Is 5035895093 a prime number?
True
Is 12334731061 a composite number?
False
Is 5514566329 a composite number?
False
Is 34468797911 a composite number?
False
Is 17704150861 a composite number?
True
Is 5607076213 prime?
True
Is 6222034997 prime?
True
Is 639109195 a composite number?
True
Is 51185767813 composite?
False
Is 8848527923 composite?
True
Is 1890000526 a composite number?
True
Is 33293398819 a composite number?
True
Is 774559351 prime?
False
Is 39439862401 composite?
True
Is 35693419429 a composite number?
True
Is 223910437 a prime number?
False
Is 45484247 composite?
False
Is 6704901941 prime?
False
Is 17623227697 a composite number?
True
Is 361934291 a composite number?
True
Is 70139337533 prime?
True
Is 362028701 prime?
True
Is 1824813313 prime?
False
Is 66299 prime?
False
Is 6795256579 a prime number?
True
Is 15505019 a prime number?
True
Is 9546879101 a composite number?
False
Is 658626041 composite?
True
Is 83039387 a composite number?
False
Is 2217375089 prime?
False
Is 19277453999 a prime number?
True
Is 4230065963 prime?
False
Is 561199843 composite?
False
Is 787829507 a prime number?
True
Is 76085037137 a prime number?
True
Is 880644839 a composite number?
True
Is 19438274 a prime number?
False
Is 516616591 prime?
False
Is 2351299519 composite?
False
Is 2138070449 composite?
False
Is 4160488271 a prime number?
True
Is 1923240847 a composite number?
True
Is 16193795263 a composite number?
True
Is 2056413629 a composite number?
False
Is 813563263 a prime number?
True
Is 136317347659 a composite number?
True
Is 6166361713 a prime number?
False
Is 1412532631 prime?
True
Is 7728234623 prime?
False
Is 24932153009 a prime number?
False
Is 2168891741 prime?
False
Is 17506625111 a composite number?
False
Is 1809612757 prime?
True
Is 40261684481 a composite number?
False
Is 15220102127 a prime number?
False
Is 1806961631 a composite number?
False
Is 129790519 a composite number?
True
Is 194136388093 prime?
False
Is 5351370571 a composite number?
False
Is 996221389 composite?
True
Is 1632738241 a prime number?
False
Is 255198487 a composite number?
False
Is 5672250011 composite?
True
Is 1745802013 composite?
True
Is 66015619471 composite?
True
Is 131306179 prime?
True
Is 517244251 a prime number?
True
Is 619372423 prime?
True
Is 1079839109 composite?
False
Is 11088126821 a prime number?
True
Is 908904019 a composite number?
False
Is 435450055 a composite number?
True
Is 16247694383 composite?
False
Is 276365397041 a composite number?
False
Is 1463589031 a prime number?
True
Is 10199500859 a prime number?
False
Is 71981243 prime?
False
Is 1961942693 composite?
True
Is 4623415 composite?
True
Is 4623042029 a prime number?
True
Is 26855052641 a prime number?
False
Is 1054654409 composite?
True
Is 117186779 prime?
True
Is 5346964237 a prime number?
True
Is 1741428251 prime?
True
Is 456804259 prime?
False
Is 272143801 a prime number?
False
Is 2877652439 composite?
True
Is 5401438069 a composite number?
False
Is 233205791921 composite?
False
Is 416145073811 a composite number?
False
Is 5681117921 composite?
True
Is 317857159 a prime number?
True
Is 2573991751 composite?
True
Is 786659873 prime?
True
Is 973458247 a prime number?
False
Is 7207030861 composite?
True
Is 8158906961 composite?
True
Is 17622067249 a prime number?
True
Is 2892035077 composite?
False
Is 1772770729 a composite number?
False
Is 18211697 composite?
True
Is 172208143 a prime number?
False
Is 11313562769 a composite number?
False
Is 226499629 a composite number?
False
Is 81339760211 a prime number?
True
Is 117035719 a composite number?
True
Is 1592187215 prime?
False
Is 2531054959 a prime number?
True
Is 22574396027 composite?
True
Is 30117612677 a prime number?
True
Is 747515605 prime?
False
Is 913033919 a composite number?
True
Is 478133843 prime?
False
Is 10004915111 a prime number?
True
Is 1129875141 prime?
False
Is 29175055559 composite?
True
Is 34362362 composite?
True
Is 35458301071 composite?
False
Is 3895539541 a prime number?
True
Is 113620304311 a composite number?
False
Is 692597341 composite?
False
Is 1653561869 prime?
True
Is 14926541471 a composite number?
True
Is 9678840389 prime?
True
Is 35862493 a prime number?
True
Is 1027200683 prime?
False
Is 49052308999 composite?
True
Is 3395146549 a prime number?
True
Is 83645828863 a prime number?
True
Is 73350190141 a composite number?
False
Is 1964104483 a composite number?
True
Is 2822945737 prime?
True
Is 1622856467 prime?
False
Is 1543906893 prime?
False
Is 23475457 prime?
True
Is 8477621311 prime?
False
Is 2736766931 a prime number?
True
Is 15989691587 a composite number?
True
Is 137970367 prime?
False
Is 961351117 a prime number?
True
Is 8272909 composite?
False
Is 6176463313 prime?
False
Is 49881808081 a composite number?
True
Is 51377234669 a prime number?
True
Is 98649975513 a composite number?
True
Is 160306904621 a composite number?
False
Is 2006599831 composite?
False
Is 347951371 composite?
True
Is 2043345059 composite?
True
Is 445754